e 13*u - 338 = 1066. Let v = u - 114. Let l(n) = n**2 + 10*n + 7. Determine l(v).
-17
Suppose -6*l + 26*l + 60 = 0. Let g(q) be the first derivative of -q**2/2 + 2*q - 1. Calculate g(l).
5
Let p(n) be the first derivative of n**4/4 - 2*n**3/3 + 3*n**2/2 - 2*n - 1. Suppose -13*l - 100*l = -226. Give p(l).
4
Let d(i) = 7*i**3 + 2*i**2 - 1. Let b be d(-1). Let j = -13 + 17. Let y(o) = -8*o - 8 + o**3 - 3*o**2 + j*o**2 + 4*o**2. What is y(b)?
4
Let b(r) be the first derivative of -3*r**4/4 + r**3/3 + r**2/2 - r + 49. Let o = -67 + 68. What is b(o)?
-2
Let v(s) = -3*s**2 - 13*s - 3. Let o(n) = -n**2 - n - 1. Let q(u) = -2*o(u) + v(u). Calculate q(-8).
23
Let q(r) be the third derivative of -r**5/60 - r**4/6 + 2*r**3/3 - 18*r**2. Let h(s) = 5*s + 1. Let u be (-1 - (-1 - 1))*-1. Let b be h(u). Give q(b).
4
Let g(w) = -w**2 + 7*w - 9. Let v be g(4). Suppose -5*k + 22 = -v*k. Let z(q) = -q**2 + 12*q - 15. Calculate z(k).
-4
Let y(r) = -2 - 3 + 0 + 2*r + 0 - 1. What is y(6)?
6
Let x be 1/((-4)/6) - 37/(-74). Let y(p) = 9*p**3 - p**2 - 2*p - 1. What is y(x)?
-9
Let i(f) = -5*f + 4*f - 648*f**2 + 4 + 648*f**2 + f**3. What is i(0)?
4
Suppose 12*z - 192 = 36*z. Let x(l) be the first derivative of l**2 + 7*l - 2. Calculate x(z).
-9
Suppose 0 = -o + 4*o + 3*i - 708, 3*o + 5*i - 702 = 0. Let r(h) = -h - o*h**2 + 0*h + 240*h**2 - 2. Give r(4).
10
Let p be 1*0/8 - 2. Let s(w) = 2*w**2 + w + 3. Determine s(p).
9
Let o(y) be the second derivative of -y**5/20 - y**4/2 + y**3/2 - 7*y**2/2 + 2*y + 53. Determine o(-6).
-25
Let l(p) = -89*p - 109*p + 196*p - 5. Give l(-8).
11
Let y(t) = -4*t - 1. Let z(v) = -2*v - 1. Let x(r) = -3*y(r) + 7*z(r). Let l be ((-2)/3)/(16/168). What is x(l)?
10
Let i(y) be the first derivative of y**3/3 + 5*y**2/2 - 9*y - 136. Determine i(-6).
-3
Let n(b) = -2*b + 1. Let v(p) = 7*p**3 - p**2 + 3*p + 7. Let u be v(-3). Let a be u/(-12)*(-3)/2. Let z = a + 21. What is n(z)?
9
Let h be (-130)/25 + (-18)/(-90). Let k(b) = 17*b**2. Let j(t) = -9*t**2. Let m = -6 - -3. Let w(u) = h*j(u) + m*k(u). Determine w(1).
-6
Let v(h) be the third derivative of h**6/120 - 7*h**5/60 + h**4/8 + h**3/2 + 42*h**2. Let f(u) = -u**3 + u + 6. Let q be f(0). Calculate v(q).
-15
Suppose -w + 5*w = 0. Let r be 3 + w + (0 - 0). Suppose 3 = -2*y - y + r*x, -4*y = -2*x + 4. Let s(b) = -7*b**3 - b - 1. Calculate s(y).
7
Let f(k) = 41*k + k**2 - 105*k - 5 + 32*k + 36*k. What is f(-6)?
7
Let d(s) be the third derivative of -6*s**2 - 2/3*s**3 + 0*s + 0 - 1/24*s**4. Determine d(6).
-10
Suppose -15*r = -8*r - 42. Let l(u) = 2*u - 1. What is l(r)?
11
Suppose r + 4*r + 41 = -t, 4*r + 16 = -5*t. Let c(m) = -8*m + 4 + m**3 + 8*m**2 - 1 + 1. What is c(r)?
-5
Let b(t) = -15 - 20 + 298*t**2 - 297*t**2 + 18*t. Give b(-20).
5
Suppose 7*g = -18*g - 700. Let r(p) = p**3 + 27*p**2 - 27*p + 29. What is r(g)?
1
Let g = -160 - -90. Let z be 2/(-3) - g/(-21). Let j be z/2*(-4)/8. Let b(y) = -10*y**2 + 2*y - 1. What is b(j)?
-9
Let d(v) be the first derivative of -2*v + 9 + v**2 + 1/3*v**3. What is d(-5)?
13
Let a(h) be the first derivative of h**4/4 - 4*h**3/3 - 3*h**2 + 3*h + 98. Suppose 3*v + 0 = 15. Give a(v).
-2
Let t(c) be the second derivative of -2*c**4/3 + c**2/2 - 2*c - 47. Calculate t(-1).
-7
Let g(d) = -d**2 - 3*d + 2. Let m(b) = 2*b**2 - 1 - 3*b**2 - 52*b + 49*b + 2. Let l(a) = 4*g(a) - 3*m(a). What is l(-5)?
-5
Let s(j) = 5*j. Let z(v) be the third derivative of -v**4/24 + 12*v**2. Let x(m) = 4*s(m) + 22*z(m). What is x(-3)?
6
Let i(b) = -b**2 + 1. Let c be i(0). Let n(g) = g**3 - 4*g**2 - 6*g + 7. Let h be n(5). Let d(l) = -h*l - 2*l - 1 + l + 2*l. Determine d(c).
-2
Let o(y) = -7*y**2 + 2*y - 3. Let x(z) = 3*z**2 - z + 2. Let r(q) = q**2 + 1. Let c be r(2). Let b = -82 + 84. Let g(m) = b*o(m) + c*x(m). Give g(0).
4
Suppose -2*f - 37*l = -40*l + 18, 5*f + 12 = 2*l. Suppose 0 = -7*v + 2*v + 10. Let z(y) = 0*y**3 - y + 2*y**3 + y**v - y**3 - 10. Give z(f).
-10
Let o = 156 - 149. Let b(p) = -8*p**2 + o - 5*p**2 - 6. What is b(1)?
-12
Let r(a) = 9*a - 47. Let f(c) = -21*c + 94. Let w(n) = 4*f(n) + 9*r(n). Give w(-15).
-2
Let s(p) = 0*p**3 + 3*p - 3578*p**2 + 3582*p**2 - p**3 + 1. Calculate s(4).
13
Let g(m) = m + 7. Suppose -d = -3*d + 12. Let w(b) = -9*b + 1 + 5*b + 3*b. Let j be w(d). Calculate g(j).
2
Let t = -604 + 611. Let j(c) = c + 9. Give j(t).
16
Let g(y) = 69*y**2 - y**3 + 0 + 3*y - 33*y**2 - 3 + 3*y - 32*y**2. Suppose -2*c + 9 = -31. Suppose -5*z + z = -c. What is g(z)?
2
Let p(a) = -5*a**2 - 10*a - 7. Let h(c) = 14*c**2 + 29*c + 20. Let v(u) = 4*h(u) + 11*p(u). Suppose -g + 14 = -5*q, 0 = 3*g - 2*q + 4 + 6. Calculate v(g).
3
Let a(h) be the third derivative of -h**5/60 + 5*h**3/6 + h**2. Let l(r) = -r - 15. Let p be l(-4). Let k(m) = m + 15. Let i be k(p). Determine a(i).
-11
Let m(l) = l**3 - 7*l**2 + 7*l + 8. Suppose -g = -5*i - 197, -2*g = -0*g - 4. Let z be 6/i + 240/39. Determine m(z).
14
Let x(l) = -1 - 1 + l**2 - 5*l + 0*l**2 + 1. Let u be x(5). Let f(r) = -7*r - 2. Let h(n) = -n - 1. Let j(a) = u*f(a) + 6*h(a). What is j(6)?
2
Suppose -2*i + 39 = 37*i. Let v(n) = 20*n - 2. Determine v(i).
18
Suppose -5*x + 40 = -x. Let j = -9 + x. Let l(g) be the third derivative of g**5/15 - g**3/6 + 100*g**2. Determine l(j).
3
Let t = 16 + -14. Suppose -1 = -4*s + 5*k - 3, t*s - 4*k + 4 = 0. Let f(w) = 6*w**3 - 7*w**3 + w + 2 - 3 - 3*w**s. Calculate f(-3).
-4
Let u(g) = 2 + 2*g + 5*g - g - 5*g. Determine u(10).
12
Suppose -3*d = -4*k - 95, 3*k = 3*d + 6*k - 102. Suppose -5*r + d = 8. Let f = r - 10. Let v(o) = o**2 + 4*o - 2. Calculate v(f).
3
Let h(z) be the second derivative of -5*z**4/2 + z**3/3 - z**2/2 - z - 21. Determine h(1).
-29
Let n(a) = 10*a**3 - 13*a**2 - 11*a - 5. Let r(u) = 7*u**3 - 8*u**2 - 7*u - 3. Let w(y) = -5*n(y) + 8*r(y). Give w(1).
7
Let a(f) be the first derivative of 5*f**2/2 - 2. Let b be a(1). Suppose -5*h = 15, 9 + 1 = 5*z + b*h. Let t(j) = -j**3 + 6*j**2 - 8*j + 3. Give t(z).
-12
Let x(d) = -d**3 + 7*d**2 - 7*d. Suppose -13*q + 10 = -68. Give x(q).
-6
Let r(g) = g**3 + 4*g**2 - 5*g + 2. Let h be r(-5). Suppose -9 = -h*m - z - 2*z, 3*z = -3*m + 12. Let x(l) = l + 1. Calculate x(m).
4
Let w(y) = 2*y**2 + y + 1. Let l = 109 + -52. Let u = l - 55. What is w(u)?
11
Let w(f) = 15*f - 400. Let j be w(27). Let b(s) = -2*s**2 + 2*s - 6. Give b(j).
-46
Let k = -150 + 249. Let p be k/15 + 6/15. Let r(t) = 2*t**2 - t**2 - 2*t**2 - 9 - 3*t + 11*t. Calculate r(p).
-2
Let w(q) = -q**2 + 9*q**2 - q**3 - 3 + 2*q - 2*q**2 - 4*q + 3*q**2. What is w(8)?
45
Let t(k) be the third derivative of -k**5/40 + k**4/8 + 7*k**3/6 + 14*k**2. Let l(s) be the first derivative of t(s). Give l(-4).
15
Let u = 60 - 35. Suppose 2*p = -3*p + 5*w + u, -2 = -p - 2*w. Let s(o) be the second derivative of o**3/3 - o**2/2 - 18*o. What is s(p)?
7
Let y(m) = -m. Suppose 2*r + 3*t = -4, -5*r = 3*t - 10 + 20. Determine y(r).
2
Let r(j) be the first derivative of j**3/3 - 3*j**2 - j + 786. Let m = -7 + 14. Determine r(m).
6
Let t(u) be the first derivative of 1/2*u**3 + 8 - 1/12*u**4 + 0*u + 1/60*u**5 - u**2. Let a(h) be the second derivative of t(h). What is a(2)?
3
Let b(v) = 20*v**2 + 50*v - 11. Let a(f) = -7*f**2 - 17*f + 3. Let r(o) = -17*a(o) - 6*b(o). What is r(-14)?
-27
Let x = -23 + 33. Suppose -x = -4*y + 2. Let z(b) = -y*b**3 - b**2 + 6 - 10 + 4*b**3. Give z(3).
14
Let n(z) = z**3 + 4*z**2 - 5*z. Let j be n(-4). Suppose a - j = -4*a. Let h(w) = w**2 + a - 2 + 4 + 1 - 9*w. Give h(7).
-7
Let i(j) = -8*j**3 + j**2. Suppose -6*t = -4*p - 9*t + 7, 0 = -p + 3*t - 2. Give i(p).
-7
Let f = -6 + 2. Let z(g) be the third derivative of 0*g**3 + 3*g**2 + 0 + 0*g - 1/12*g**4. What is z(f)?
8
Let u = 30 - 18. Suppose j + 14 = u. Let w(n) = 3*n - 1. What is w(j)?
-7
Let b(k) = k**2 + 9*k + 4. Let m(h) = 2*h**2 - 37*h + 19. Let r be m(18). Suppose -5*n + 3*g - 25 = 0, 2 = -n + g - r. Calculate b(n).
-4
Let h(l) = -279*l + 1108*l - l**2 - 274*l - 274*l - 277*l. Let n(q) = q**2 - 4*q - 6. Let m be n(6). Calculate h(m).
-12
Let q(r) = 2*r**2 + 2*r. Let w be q(-2). Suppose w*z - 6*z = -10. Let x(d) = 3 + 1 + z - d. What is x(6)?
3
Suppose -7 = -g - 13. Let i(a) be the second derivative of -1/20*a**5 + 2*a + 0 - 1/6*a**3 - 1/2*a**4 - 3/2*a**2. Give i(g).
3
Let s(j) = 20*j**3 - 18*j**2 + 32*j + 26. Let